{"id":22882,"date":"2026-04-13T16:17:52","date_gmt":"2026-04-13T16:17:52","guid":{"rendered":"https:\/\/suspicious-noether.45-82-121-115.plesk.page\/?page_id=22882"},"modified":"2026-04-13T18:29:35","modified_gmt":"2026-04-13T18:29:35","slug":"iak","status":"publish","type":"page","link":"https:\/\/suspicious-noether.45-82-121-115.plesk.page\/index.php\/iak\/","title":{"rendered":"Integrata Akademie"},"content":{"rendered":"\t\t<div data-elementor-type=\"wp-page\" data-elementor-id=\"22882\" class=\"elementor elementor-22882\">\n\t\t\t\t<div class=\"elementor-element elementor-element-8048f56 e-flex e-con-boxed wpr-particle-no wpr-jarallax-no wpr-parallax-no wpr-sticky-section-no e-con e-parent\" data-id=\"8048f56\" data-element_type=\"container\" data-e-type=\"container\" data-settings=\"{&quot;background_background&quot;:&quot;classic&quot;}\">\n\t\t\t\t\t<div class=\"e-con-inner\">\n\t\t\t\t<div class=\"elementor-element elementor-element-dff2926 elementor-widget elementor-widget-spacer\" data-id=\"dff2926\" data-element_type=\"widget\" data-e-type=\"widget\" data-widget_type=\"spacer.default\">\n\t\t\t\t\t\t\t<div class=\"elementor-spacer\">\n\t\t\t<div class=\"elementor-spacer-inner\"><\/div>\n\t\t<\/div>\n\t\t\t\t\t\t<\/div>\n\t\t\t\t<div class=\"elementor-element elementor-element-8bd48dc elementor-widget elementor-widget-heading\" data-id=\"8bd48dc\" data-element_type=\"widget\" data-e-type=\"widget\" data-widget_type=\"heading.default\">\n\t\t\t\t\t<h1 class=\"elementor-heading-title elementor-size-default\">Integrata Akademie<\/h1>\t\t\t\t<\/div>\n\t\t\t\t<div class=\"elementor-element elementor-element-fae2235 elementor-widget elementor-widget-spacer\" data-id=\"fae2235\" data-element_type=\"widget\" data-e-type=\"widget\" data-widget_type=\"spacer.default\">\n\t\t\t\t\t\t\t<div class=\"elementor-spacer\">\n\t\t\t<div class=\"elementor-spacer-inner\"><\/div>\n\t\t<\/div>\n\t\t\t\t\t\t<\/div>\n\t\t\t\t\t<\/div>\n\t\t\t\t<\/div>\n\t\t<div class=\"elementor-element elementor-element-7b25d0b elementor-hidden-tablet elementor-hidden-mobile e-flex e-con-boxed wpr-particle-no wpr-jarallax-no wpr-parallax-no wpr-sticky-section-no e-con e-parent\" data-id=\"7b25d0b\" data-element_type=\"container\" data-e-type=\"container\">\n\t\t\t\t\t<div class=\"e-con-inner\">\n\t\t\t\t<div class=\"elementor-element elementor-element-e3c7cfc elementor-align-center elementor-widget elementor-widget-button\" data-id=\"e3c7cfc\" data-element_type=\"widget\" data-e-type=\"widget\" data-widget_type=\"button.default\">\n\t\t\t\t\t\t\t\t\t\t<a class=\"elementor-button elementor-button-link elementor-size-sm\" href=\"https:\/\/integrata-akademie.de\/\">\n\t\t\t\t\t\t<span class=\"elementor-button-content-wrapper\">\n\t\t\t\t\t\t\t\t\t<span class=\"elementor-button-text\">Mehr erfahren<\/span>\n\t\t\t\t\t<\/span>\n\t\t\t\t\t<\/a>\n\t\t\t\t\t\t\t\t<\/div>\n\t\t\t\t<div class=\"elementor-element elementor-element-5d54f38 elementor-widget__width-initial elementor-widget elementor-widget-text-editor\" data-id=\"5d54f38\" data-element_type=\"widget\" data-e-type=\"widget\" data-widget_type=\"text-editor.default\">\n\t\t\t\t\t\t\t\t\t<p>Die digitale Transformation ver\u00e4ndert unser Leben schneller als je zuvor. K\u00fcnstliche Intelligenz pr\u00e4gt nicht nur Unternehmen, sondern auch unsere Zusammenarbeit, unser Wissen und unsere pers\u00f6nliche sowie gesellschaftliche Entwicklung.<\/p><p>Dieser Wandel ist nicht aufzuhalten \u2013\u00a0doch wie wir ihn gestalten, liegt an uns. Wir brauchen mehr als technisches Wissen:\u00a0Kritisches Denken, ethische Reflexion und neue Formen der Zusammenarbeit\u00a0sind entscheidend. Lernen und Weiterentwicklung m\u00fcssen dynamisch sein, um mit dieser Entwicklung Schritt zu halten.<\/p><p>Hier setzt die\u00a0Integrata Akademie\u00a0an \u2013 mit einem ganzheitlichen Ansatz, der\u00a0Technologie, Ethik und Verantwortung\u00a0verbindet.<\/p>\t\t\t\t\t\t\t\t<\/div>\n\t\t\t\t\t<\/div>\n\t\t\t\t<\/div>\n\t\t<div class=\"elementor-element elementor-element-9b703ff elementor-hidden-desktop e-flex e-con-boxed wpr-particle-no wpr-jarallax-no wpr-parallax-no wpr-sticky-section-no e-con e-parent\" data-id=\"9b703ff\" data-element_type=\"container\" data-e-type=\"container\">\n\t\t\t\t\t<div class=\"e-con-inner\">\n\t\t\t\t<div class=\"elementor-element elementor-element-f8e137b elementor-widget__width-initial elementor-widget elementor-widget-text-editor\" data-id=\"f8e137b\" data-element_type=\"widget\" data-e-type=\"widget\" data-widget_type=\"text-editor.default\">\n\t\t\t\t\t\t\t\t\t<p>Die digitale Transformation ver\u00e4ndert unser Leben schneller als je zuvor. K\u00fcnstliche Intelligenz pr\u00e4gt nicht nur Unternehmen, sondern auch unsere Zusammenarbeit, unser Wissen und unsere pers\u00f6nliche sowie gesellschaftliche Entwicklung.<br \/>\u00a0<br \/>Dieser Wandel ist nicht aufzuhalten \u2013\u00a0doch wie wir ihn gestalten, liegt an uns. Wir brauchen mehr als technisches Wissen:\u00a0Kritisches Denken, ethische Reflexion und neue Formen der Zusammenarbeit\u00a0sind entscheidend. Lernen und Weiterentwicklung m\u00fcssen dynamisch sein, um mit dieser Entwicklung Schritt zu halten.<br \/>\u00a0<br \/>Hier setzt die\u00a0Integrata Akademie\u00a0an \u2013 mit einem ganzheitlichen Ansatz, der\u00a0Technologie, Ethik und Verantwortung\u00a0verbindet.<\/p>\t\t\t\t\t\t\t\t<\/div>\n\t\t\t\t<div class=\"elementor-element elementor-element-a4e16fa elementor-align-center elementor-tablet-align-center elementor-widget elementor-widget-button\" data-id=\"a4e16fa\" data-element_type=\"widget\" data-e-type=\"widget\" data-widget_type=\"button.default\">\n\t\t\t\t\t\t\t\t\t\t<a class=\"elementor-button elementor-button-link elementor-size-sm\" href=\"https:\/\/integrata-akademie.de\/\">\n\t\t\t\t\t\t<span class=\"elementor-button-content-wrapper\">\n\t\t\t\t\t\t\t\t\t<span class=\"elementor-button-text\">Mehr erfahren<\/span>\n\t\t\t\t\t<\/span>\n\t\t\t\t\t<\/a>\n\t\t\t\t\t\t\t\t<\/div>\n\t\t\t\t\t<\/div>\n\t\t\t\t<\/div>\n\t\t<div class=\"elementor-element elementor-element-8eb5f9d e-flex e-con-boxed wpr-particle-no wpr-jarallax-no wpr-parallax-no wpr-sticky-section-no e-con e-parent\" data-id=\"8eb5f9d\" data-element_type=\"container\" data-e-type=\"container\" data-settings=\"{&quot;background_background&quot;:&quot;classic&quot;}\">\n\t\t\t\t\t<div class=\"e-con-inner\">\n\t\t<div class=\"elementor-element elementor-element-0680a68 e-con-full e-flex wpr-particle-no wpr-jarallax-no wpr-parallax-no wpr-sticky-section-no e-con e-child\" data-id=\"0680a68\" data-element_type=\"container\" data-e-type=\"container\">\n\t\t\t\t<div class=\"elementor-element elementor-element-1b11a94 elementor-widget elementor-widget-heading\" data-id=\"1b11a94\" data-element_type=\"widget\" data-e-type=\"widget\" data-widget_type=\"heading.default\">\n\t\t\t\t\t<h2 class=\"elementor-heading-title elementor-size-default\">Integrata Akademie: Unser Seminarangebot<\/h2>\t\t\t\t<\/div>\n\t\t\t\t<div class=\"elementor-element elementor-element-afa54a8 elementor-widget elementor-widget-text-editor\" data-id=\"afa54a8\" data-element_type=\"widget\" data-e-type=\"widget\" data-widget_type=\"text-editor.default\">\n\t\t\t\t\t\t\t\t\t<p>Welche M\u00f6glichkeiten sind mit technischen Innovationen verbunden, wo liegen die ethischen Herausforderungen und wie kann man diese bew\u00e4ltigen? Wie kann das Prinzip einer humanen Nutzung der IT im konkreten Arbeitskontext umgesetzt werden?<\/p><p>Mit der Integrata Akademie bietet die Stiftung ein berufsbegleitendes Schulungs- und Weiterbildungsangebot, um Kenntnisse und Kompetenzen im Umfeld der humanen Nutzung der IT praxisnah und zielgruppenspezifisch zu vermitteln.<\/p>\t\t\t\t\t\t\t\t<\/div>\n\t\t\t\t<div class=\"elementor-element elementor-element-6ff1da6 elementor-hidden-tablet elementor-hidden-mobile elementor-widget elementor-widget-button\" data-id=\"6ff1da6\" data-element_type=\"widget\" data-e-type=\"widget\" data-widget_type=\"button.default\">\n\t\t\t\t\t\t\t\t\t\t<a class=\"elementor-button elementor-button-link elementor-size-sm\" href=\"https:\/\/integrata-akademie.de\/#integrata-veranstaltungen\">\n\t\t\t\t\t\t<span class=\"elementor-button-content-wrapper\">\n\t\t\t\t\t\t\t\t\t<span class=\"elementor-button-text\">Alle veranstaltungen<\/span>\n\t\t\t\t\t<\/span>\n\t\t\t\t\t<\/a>\n\t\t\t\t\t\t\t\t<\/div>\n\t\t\t\t<\/div>\n\t\t<div class=\"elementor-element elementor-element-e8a51ba e-grid e-con-full wpr-particle-no wpr-jarallax-no wpr-parallax-no wpr-sticky-section-no e-con e-child\" data-id=\"e8a51ba\" data-element_type=\"container\" data-e-type=\"container\">\n\t\t<div class=\"elementor-element elementor-element-c5c88d7 e-con-full e-flex wpr-particle-no wpr-jarallax-no wpr-parallax-no wpr-sticky-section-no e-con e-child\" data-id=\"c5c88d7\" data-element_type=\"container\" data-e-type=\"container\" data-settings=\"{&quot;background_background&quot;:&quot;classic&quot;}\">\n\t\t\t\t<div class=\"elementor-element elementor-element-1c96757 elementor-widget elementor-widget-image\" data-id=\"1c96757\" data-element_type=\"widget\" data-e-type=\"widget\" data-widget_type=\"image.default\">\n\t\t\t\t\t\t\t\t\t\t\t\t\t\t\t<img decoding=\"async\" src=\"https:\/\/integrata-stiftung.de\/wp-content\/uploads\/2023\/07\/Programmposter-2023C-3-scaled-e1690192788927-1024x555.jpg\" title=\"\" alt=\"\" loading=\"lazy\" \/>\t\t\t\t\t\t\t\t\t\t\t\t\t\t\t<\/div>\n\t\t<div class=\"elementor-element elementor-element-f0dff91 e-con-full e-flex wpr-particle-no wpr-jarallax-no wpr-parallax-no wpr-sticky-section-no e-con e-child\" data-id=\"f0dff91\" data-element_type=\"container\" data-e-type=\"container\">\n\t\t\t\t<div class=\"elementor-element elementor-element-e73f7d8 elementor-widget elementor-widget-heading\" data-id=\"e73f7d8\" data-element_type=\"widget\" data-e-type=\"widget\" data-widget_type=\"heading.default\">\n\t\t\t\t\t<h2 class=\"elementor-heading-title elementor-size-default\">Integrata Akademie Public<\/h2>\t\t\t\t<\/div>\n\t\t\t\t<div class=\"elementor-element elementor-element-f0e31d4 elementor-widget elementor-widget-text-editor\" data-id=\"f0e31d4\" data-element_type=\"widget\" data-e-type=\"widget\" data-widget_type=\"text-editor.default\">\n\t\t\t\t\t\t\t\t\t<p>Die Entwicklungen im Bereich K\u00fcnstliche Intelligenz schreiten immer schneller voran und f\u00fchren vermehrt zu intensiven gesellschaftlichen Debatten: Was sollte eine KI k\u00f6nnen \u2013 und was d\u00fcrfen? Wer legt dabei welche Grenzen fest \u2013 und wie bringen wir diese den Maschinen bei?\u00a0<\/p><p>Mit ihrer neuen Reihe \u201eIntegrata Akademie Public\u201c wendet sich die Integrata Stiftung mit einem kostenlosen Online-Veranstaltungsprogramm an die breite \u00d6ffentlichkeit. In regelm\u00e4\u00dfigen Abst\u00e4nden geben hier stiftungsinterne und -externe Experten eine Einf\u00fchrung in aktuelle Entwicklungen und damit verbundene Fragestellungen. Ziel ist, ein \u00f6ffentliches Bewusstsein f\u00fcr ethische und gesellschaftliche Herausforderungen zu schaffen, aber auch potentielle L\u00f6sungsans\u00e4tze aufzuzeigen.<\/p><p>Die Veranstaltungen finden seit Herbst 2021 \u00a0im zweiw\u00f6chigen Rhythmus jeweils <strong>Montags, 18-19:15 Uhr<\/strong> per Zoom-Konferenz statt. Eine Anmeldung ist erforderlich.\u00a0<\/p>\t\t\t\t\t\t\t\t<\/div>\n\t\t\t\t<div class=\"elementor-element elementor-element-268c1b8 elementor-hidden-tablet elementor-hidden-mobile elementor-widget elementor-widget-button\" data-id=\"268c1b8\" data-element_type=\"widget\" data-e-type=\"widget\" data-widget_type=\"button.default\">\n\t\t\t\t\t\t\t\t\t\t<a class=\"elementor-button elementor-button-link elementor-size-sm\" href=\"https:\/\/integrata-akademie.de\/iakpublic\/\">\n\t\t\t\t\t\t<span class=\"elementor-button-content-wrapper\">\n\t\t\t\t\t\t\t\t\t<span class=\"elementor-button-text\">weitere informationen<\/span>\n\t\t\t\t\t<\/span>\n\t\t\t\t\t<\/a>\n\t\t\t\t\t\t\t\t<\/div>\n\t\t\t\t<\/div>\n\t\t\t\t<\/div>\n\t\t<div class=\"elementor-element elementor-element-6e0c7f0 e-con-full e-flex wpr-particle-no wpr-jarallax-no wpr-parallax-no wpr-sticky-section-no e-con e-child\" data-id=\"6e0c7f0\" data-element_type=\"container\" data-e-type=\"container\" data-settings=\"{&quot;background_background&quot;:&quot;classic&quot;}\">\n\t\t\t\t<div class=\"elementor-element elementor-element-b5cc29b elementor-widget__width-initial elementor-widget elementor-widget-image\" data-id=\"b5cc29b\" data-element_type=\"widget\" data-e-type=\"widget\" data-widget_type=\"image.default\">\n\t\t\t\t\t\t\t\t\t\t\t\t\t\t\t<img decoding=\"async\" src=\"https:\/\/integrata-akademie.de\/wp-content\/uploads\/2025\/05\/YB41T63815894X2BY070M8SMN0-Technologie-im-Unternehmen_1920x1280-hoch-1024x683.jpg\" title=\"\" alt=\"\" loading=\"lazy\" \/>\t\t\t\t\t\t\t\t\t\t\t\t\t\t\t<\/div>\n\t\t<div class=\"elementor-element elementor-element-c789c97 e-con-full e-flex wpr-particle-no wpr-jarallax-no wpr-parallax-no wpr-sticky-section-no e-con e-child\" data-id=\"c789c97\" data-element_type=\"container\" data-e-type=\"container\">\n\t\t\t\t<div class=\"elementor-element elementor-element-b37ec76 elementor-widget elementor-widget-heading\" data-id=\"b37ec76\" data-element_type=\"widget\" data-e-type=\"widget\" data-widget_type=\"heading.default\">\n\t\t\t\t\t<h2 class=\"elementor-heading-title elementor-size-default\">Integrata Akademie Professional<\/h2>\t\t\t\t<\/div>\n\t\t\t\t<div class=\"elementor-element elementor-element-a9ac07c elementor-widget elementor-widget-text-editor\" data-id=\"a9ac07c\" data-element_type=\"widget\" data-e-type=\"widget\" data-widget_type=\"text-editor.default\">\n\t\t\t\t\t\t\t\t\t<p>Wer sich vertiefter und berufsorientierter mit dem Thema \u201eEthik und KI\u201c besch\u00e4ftigen m\u00f6chte, dem sei die Reihe \u201eIntegrata Akademie Professional\u201c empfohlen. Hier werden spezifische Themenaspekte im Rahmen von aufeinander aufbauenden Online-Seminaren (mit Lehrmaterialien) vermittelt. Die Zahl der Teilnehmenden ist begrenzt, um eine intensive, bedarfsorientierte Betreuung zu gew\u00e4hrleisten.<\/p>\t\t\t\t\t\t\t\t<\/div>\n\t\t\t\t<div class=\"elementor-element elementor-element-a91a4ad elementor-hidden-tablet elementor-hidden-mobile elementor-widget elementor-widget-button\" data-id=\"a91a4ad\" data-element_type=\"widget\" data-e-type=\"widget\" data-widget_type=\"button.default\">\n\t\t\t\t\t\t\t\t\t\t<a class=\"elementor-button elementor-button-link elementor-size-sm\" href=\"https:\/\/integrata-akademie.de\/iakprofessional\/\">\n\t\t\t\t\t\t<span class=\"elementor-button-content-wrapper\">\n\t\t\t\t\t\t\t\t\t<span class=\"elementor-button-text\">weitere informationen<\/span>\n\t\t\t\t\t<\/span>\n\t\t\t\t\t<\/a>\n\t\t\t\t\t\t\t\t<\/div>\n\t\t\t\t<\/div>\n\t\t\t\t<\/div>\n\t\t\t\t<\/div>\n\t\t\t\t\t<\/div>\n\t\t\t\t<\/div>\n\t\t<div class=\"elementor-element elementor-element-28f8d9a e-flex e-con-boxed wpr-particle-no wpr-jarallax-no wpr-parallax-no wpr-sticky-section-no e-con e-parent\" data-id=\"28f8d9a\" data-element_type=\"container\" data-e-type=\"container\" data-settings=\"{&quot;background_background&quot;:&quot;classic&quot;}\">\n\t\t\t\t\t<div class=\"e-con-inner\">\n\t\t\t\t\t<\/div>\n\t\t\t\t<\/div>\n\t\t\t\t<\/div>\n\t\t","protected":false},"excerpt":{"rendered":"<p>Integrata Akademie Mehr erfahren Die digitale Transformation ver\u00e4ndert unser Leben schneller als je zuvor. K\u00fcnstliche Intelligenz pr\u00e4gt nicht nur Unternehmen, sondern auch unsere Zusammenarbeit, unser Wissen und unsere pers\u00f6nliche sowie gesellschaftliche Entwicklung. Dieser Wandel ist nicht aufzuhalten \u2013\u00a0doch wie wir ihn gestalten, liegt an uns. Wir brauchen mehr als technisches Wissen:\u00a0Kritisches Denken, ethische Reflexion und neue Formen der Zusammenarbeit\u00a0sind entscheidend. Lernen und Weiterentwicklung m\u00fcssen dynamisch sein, um mit dieser Entwicklung Schritt zu halten. Hier setzt die\u00a0Integrata Akademie\u00a0an \u2013 mit einem ganzheitlichen Ansatz, der\u00a0Technologie, Ethik und Verantwortung\u00a0verbindet. Die digitale Transformation ver\u00e4ndert unser Leben schneller als je zuvor. K\u00fcnstliche Intelligenz pr\u00e4gt nicht nur Unternehmen, sondern auch unsere Zusammenarbeit, unser Wissen und unsere pers\u00f6nliche sowie gesellschaftliche Entwicklung.\u00a0Dieser Wandel ist nicht aufzuhalten \u2013\u00a0doch wie wir ihn gestalten, liegt an uns. Wir brauchen mehr als technisches Wissen:\u00a0Kritisches Denken, ethische Reflexion und neue Formen der Zusammenarbeit\u00a0sind entscheidend. Lernen und Weiterentwicklung m\u00fcssen dynamisch sein, um mit dieser Entwicklung Schritt zu halten.\u00a0Hier setzt die\u00a0Integrata Akademie\u00a0an \u2013 mit einem ganzheitlichen Ansatz, der\u00a0Technologie, Ethik und Verantwortung\u00a0verbindet. Mehr erfahren Integrata Akademie: Unser Seminarangebot Welche M\u00f6glichkeiten sind mit technischen Innovationen verbunden, wo liegen die ethischen Herausforderungen und wie kann man diese bew\u00e4ltigen? Wie kann das Prinzip einer humanen Nutzung der IT im konkreten Arbeitskontext umgesetzt werden? Mit der Integrata Akademie bietet die Stiftung ein berufsbegleitendes Schulungs- und Weiterbildungsangebot, um Kenntnisse und Kompetenzen im Umfeld der humanen Nutzung der IT praxisnah und zielgruppenspezifisch zu vermitteln. Alle veranstaltungen Integrata Akademie Public Die Entwicklungen im Bereich K\u00fcnstliche Intelligenz schreiten immer schneller voran und f\u00fchren vermehrt zu intensiven gesellschaftlichen Debatten: Was sollte eine KI k\u00f6nnen \u2013 und was d\u00fcrfen? Wer legt dabei welche Grenzen fest \u2013 und wie bringen wir diese den Maschinen bei?\u00a0 Mit ihrer neuen Reihe \u201eIntegrata Akademie Public\u201c wendet sich die Integrata Stiftung mit einem kostenlosen Online-Veranstaltungsprogramm an die breite \u00d6ffentlichkeit. In regelm\u00e4\u00dfigen Abst\u00e4nden geben hier stiftungsinterne und -externe Experten eine Einf\u00fchrung in aktuelle Entwicklungen und damit verbundene Fragestellungen. Ziel ist, ein \u00f6ffentliches Bewusstsein f\u00fcr ethische und gesellschaftliche Herausforderungen zu schaffen, aber auch potentielle L\u00f6sungsans\u00e4tze aufzuzeigen. Die Veranstaltungen finden seit Herbst 2021 \u00a0im zweiw\u00f6chigen Rhythmus jeweils Montags, 18-19:15 Uhr per Zoom-Konferenz statt. Eine Anmeldung ist erforderlich.\u00a0 weitere informationen Integrata Akademie Professional Wer sich vertiefter und berufsorientierter mit dem Thema \u201eEthik und KI\u201c besch\u00e4ftigen m\u00f6chte, dem sei die Reihe \u201eIntegrata Akademie Professional\u201c empfohlen. Hier werden spezifische Themenaspekte im Rahmen von aufeinander aufbauenden Online-Seminaren (mit Lehrmaterialien) vermittelt. Die Zahl der Teilnehmenden ist begrenzt, um eine intensive, bedarfsorientierte Betreuung zu gew\u00e4hrleisten. weitere informationen<\/p>\n","protected":false},"author":1,"featured_media":0,"parent":0,"menu_order":0,"comment_status":"closed","ping_status":"closed","template":"","meta":{"footnotes":""},"class_list":["post-22882","page","type-page","status-publish","hentry"],"blocksy_meta":[],"_links":{"self":[{"href":"https:\/\/suspicious-noether.45-82-121-115.plesk.page\/index.php\/wp-json\/wp\/v2\/pages\/22882","targetHints":{"allow":["GET"]}}],"collection":[{"href":"https:\/\/suspicious-noether.45-82-121-115.plesk.page\/index.php\/wp-json\/wp\/v2\/pages"}],"about":[{"href":"https:\/\/suspicious-noether.45-82-121-115.plesk.page\/index.php\/wp-json\/wp\/v2\/types\/page"}],"author":[{"embeddable":true,"href":"https:\/\/suspicious-noether.45-82-121-115.plesk.page\/index.php\/wp-json\/wp\/v2\/users\/1"}],"replies":[{"embeddable":true,"href":"https:\/\/suspicious-noether.45-82-121-115.plesk.page\/index.php\/wp-json\/wp\/v2\/comments?post=22882"}],"version-history":[{"count":25,"href":"https:\/\/suspicious-noether.45-82-121-115.plesk.page\/index.php\/wp-json\/wp\/v2\/pages\/22882\/revisions"}],"predecessor-version":[{"id":22970,"href":"https:\/\/suspicious-noether.45-82-121-115.plesk.page\/index.php\/wp-json\/wp\/v2\/pages\/22882\/revisions\/22970"}],"wp:attachment":[{"href":"https:\/\/suspicious-noether.45-82-121-115.plesk.page\/index.php\/wp-json\/wp\/v2\/media?parent=22882"}],"curies":[{"name":"wp","href":"https:\/\/api.w.org\/{rel}","templated":true}]}}